{"id":1258,"date":"2018-11-11T20:01:40","date_gmt":"2018-11-11T19:01:40","guid":{"rendered":"https:\/\/www.ifzi.de\/?page_id=1258"},"modified":"2025-01-28T20:26:53","modified_gmt":"2025-01-28T19:26:53","slug":"team","status":"publish","type":"page","link":"https:\/\/www.ifzi.de\/en\/team\/","title":{"rendered":"Team"},"content":{"rendered":"<p>[et_pb_section fb_built=&#8221;1&#8243; _builder_version=&#8221;4.16&#8243; background_image=&#8221;https:\/\/www.ifzi.de\/wp-content\/uploads\/2018\/09\/IFZI-Jetzt-und-in-Zukunft.jpg&#8221; custom_padding=&#8221;200px||220px||false|false&#8221; global_colors_info=&#8221;{}&#8221;][\/et_pb_section][et_pb_section fb_built=&#8221;1&#8243; _builder_version=&#8221;4.16&#8243; custom_padding=&#8221;100px||50px||false|false&#8221; global_colors_info=&#8221;{}&#8221;][et_pb_row column_structure=&#8221;1_2,1_2&#8243; _builder_version=&#8221;4.16&#8243; background_size=&#8221;initial&#8221; background_position=&#8221;top_left&#8221; background_repeat=&#8221;repeat&#8221; custom_padding=&#8221;0px||0px||false|false&#8221; global_colors_info=&#8221;{}&#8221;][et_pb_column type=&#8221;1_2&#8243; _builder_version=&#8221;4.16&#8243; custom_padding=&#8221;|||&#8221; global_colors_info=&#8221;{}&#8221; custom_padding__hover=&#8221;|||&#8221;][et_pb_blurb title=&#8221;TEAM IFZI NUREMBERG&#8221; image_icon_width=&#8221;64px&#8221; content_max_width=&#8221;1100px&#8221; _builder_version=&#8221;4.16&#8243; header_font=&#8221;|600|||||||&#8221; header_text_align=&#8221;left&#8221; header_text_color=&#8221;#003078&#8243; header_font_size=&#8221;28px&#8221; header_line_height=&#8221;1.5em&#8221; body_text_color=&#8221;#000000&#8243; body_line_height=&#8221;1.9em&#8221; background_color=&#8221;#ffffff&#8221; custom_margin=&#8221;|||&#8221; custom_padding=&#8221;||||false|false&#8221; animation_direction=&#8221;bottom&#8221; animation=&#8221;off&#8221; image_max_width=&#8221;64px&#8221; global_colors_info=&#8221;{}&#8221;][\/et_pb_blurb][et_pb_blurb title=&#8221;DR. MED. DENT. TIM \u00dcBERMUTH M.SC. M.SC.&#8221; image=&#8221;https:\/\/www.ifzi.de\/wp-content\/uploads\/2025\/01\/uebermuth.jpg&#8221; image_icon_width=&#8221;40%&#8221; icon_alignment=&#8221;left&#8221; content_max_width=&#8221;1100px&#8221; _builder_version=&#8221;4.27.4&#8243; header_font=&#8221;|on|||&#8221; header_text_color=&#8221;#ad770b&#8221; header_line_height=&#8221;1.5em&#8221; body_text_color=&#8221;#000000&#8243; body_line_height=&#8221;1.9em&#8221; background_color=&#8221;#ffffff&#8221; custom_margin=&#8221;|||&#8221; custom_padding=&#8221;||||false|false&#8221; animation_direction=&#8221;bottom&#8221; animation=&#8221;off&#8221; image_max_width=&#8221;40%&#8221; locked=&#8221;off&#8221; global_colors_info=&#8221;{}&#8221;]<\/p>\n<p><strong>IFZI National and International Chief Supervisor<\/strong><\/p>\n<ul>\n<li>1989 &#8211; 94 Studium der Zahnheilkunde an der Medizinischen Hochschule Hannover<\/li>\n<li>1995 Staatsexamen Zahnheilkunde<\/li>\n<li>1999 Promotion im Fach Zahnheilkunde an der Albert-Ludwigs-Universit\u00e4t, Freiburg (3-D-CT Untersuchung am Schweinekiefer)<\/li>\n<li>1995 &#8211; 98 Assistenzt\u00e4tigkeit als Zahnarzt in freier Praxis<\/li>\n<li>Seit 1998 T\u00e4tigkeit als niedergelassener Zahnarzt mit oralchirurgisch-rekonstruktivem Schwerpunkt in Celle<\/li>\n<li>2003 &#8211; 04 DGI-Curriculum Implantologie<\/li>\n<li>2004 Erlangung des T\u00e4tigkeitsschwerpunktes Implantologie<\/li>\n<li>2005 Gr\u00fcndungsmitglied einer Studiengruppe Implantologie in Schleswig-Holstein<\/li>\n<li>seit 2005 nat.\/internat. Referentent\u00e4tigkeit f\u00fcr Implantologie, Mukogingival-Chirurgie und Prothetik<\/li>\n<li>2010 &#8211; 11 Postgradualer Studiengang \u201eMaster of Science in Oral Implantology\u201c<\/li>\n<li>2011 Erteilung des Patentes DE 10 2008 058 305 B4 f\u00fcr ein neuartiges implantat-prothetisches Konzept (RevoCone\u00ae&#xfe0f;) durch das Deutsche Patentamt.<\/li>\n<li>2014 Leitung \u201eDGI-Qualit\u00e4tszirkel Celle\u201c<\/li>\n<li>2016 \u2013 17\u00a0 Postgradualer Studiengang \u201e Master of Science in Oraler Implantologie und Parodontologie\u201c<\/li>\n<li>2019 Gemeinschaftspraxis mit Dr. Johannes Szentmiklossy v. Primocz<\/li>\n<li>2020 Dozent und akad. Lehrpraxis der University for Digital Technologies in Medicine and Dentistry (DTMD), Luxembourg<\/li>\n<li>2021 Dozent und Trainer im int. Fortbildungszentrum f\u00fcr zahn\u00e4rztliche Implantologie (IFZI)<\/li>\n<li>2021 Auszeichnung mit dem \u201eGerman Innovation Award 2021\u201c im Bereich: Medical &amp; Health f\u00fcr das RevoCone\u00ae-Abutmentsystem<\/li>\n<li>2023 Erteilung des Europ. Patentes EP 39378354 f\u00fcr ein neuartiges Abformabutment durch das Europ\u00e4ische Patentamt.<\/li>\n<\/ul>\n<p>[\/et_pb_blurb][\/et_pb_column][et_pb_column type=&#8221;1_2&#8243; _builder_version=&#8221;4.16&#8243; custom_padding=&#8221;|||&#8221; global_colors_info=&#8221;{}&#8221; custom_padding__hover=&#8221;|||&#8221;][et_pb_blurb title=&#8221;TEAM IFZI NUREMBERG&#8221; image_icon_width=&#8221;64px&#8221; content_max_width=&#8221;1100px&#8221; _builder_version=&#8221;4.16&#8243; header_font=&#8221;|on|||&#8221; header_text_align=&#8221;left&#8221; header_text_color=&#8221;#ffffff&#8221; header_font_size=&#8221;24&#8243; header_line_height=&#8221;1.5em&#8221; body_text_color=&#8221;#000000&#8243; body_line_height=&#8221;1.9em&#8221; background_color=&#8221;#ffffff&#8221; custom_margin=&#8221;|||&#8221; custom_padding=&#8221;||||false|false&#8221; animation_direction=&#8221;bottom&#8221; animation=&#8221;off&#8221; image_max_width=&#8221;64px&#8221; global_colors_info=&#8221;{}&#8221;][\/et_pb_blurb][et_pb_blurb title=&#8221;ANNE MONNIER&#8221; image=&#8221;https:\/\/www.ifzi.de\/wp-content\/uploads\/2021\/02\/Anne-Monnier-IFZI-Geschaeftsleitung.png&#8221; image_icon_width=&#8221;40%&#8221; icon_alignment=&#8221;left&#8221; content_max_width=&#8221;1100px&#8221; _builder_version=&#8221;4.27.4&#8243; header_font=&#8221;|on|||&#8221; header_text_color=&#8221;#ad770b&#8221; header_line_height=&#8221;1.5em&#8221; body_text_color=&#8221;#000000&#8243; body_line_height=&#8221;1.9em&#8221; background_color=&#8221;#ffffff&#8221; custom_margin=&#8221;|||&#8221; custom_padding=&#8221;||||false|false&#8221; animation_direction=&#8221;bottom&#8221; animation=&#8221;off&#8221; hover_enabled=&#8221;0&#8243; image_max_width=&#8221;40%&#8221; locked=&#8221;off&#8221; global_colors_info=&#8221;{}&#8221; sticky_enabled=&#8221;0&#8243;]<\/p>\n<p><strong>IFZI Commercial Manager<\/strong><br \/><strong>since 1995<\/strong><\/p>\n<ul>\n<li>Information and registrations<\/li>\n<li>Participation and payment conditions<\/li>\n<li>Personal advice and support before, during and after the course modules<\/li>\n<li>Support of IFZI nationally and international trainers<\/li>\n<\/ul>\n<p>T: +49 911 34746-24<br \/>F: +49 911 34746-23<\/p>\n<p>E:\u00a0<a href=\"mailto:anne.monnier-winterstein@ifzi.de\">anne.monnier-winterstein@ifzi.de<\/a><br \/>W:\u00a0<a href=\"https:\/\/www.ifzi.de\/en\/\">www.ifzi.de<\/a><\/p>\n<p>[\/et_pb_blurb][\/et_pb_column][\/et_pb_row][\/et_pb_section][et_pb_section fb_built=&#8221;1&#8243; _builder_version=&#8221;4.16&#8243; custom_padding=&#8221;50px||100px||false|false&#8221; global_colors_info=&#8221;{}&#8221;][et_pb_row column_structure=&#8221;1_2,1_2&#8243; _builder_version=&#8221;4.16&#8243; background_size=&#8221;initial&#8221; background_position=&#8221;top_left&#8221; background_repeat=&#8221;repeat&#8221; custom_padding=&#8221;0px||0px||false|false&#8221; global_colors_info=&#8221;{}&#8221;][et_pb_column type=&#8221;1_2&#8243; _builder_version=&#8221;4.16&#8243; custom_padding=&#8221;|||&#8221; global_colors_info=&#8221;{}&#8221; custom_padding__hover=&#8221;|||&#8221;][et_pb_blurb title=&#8221;FOUNDER IFZI NUREMBERG&#8221; image_icon_width=&#8221;64px&#8221; content_max_width=&#8221;1100px&#8221; _builder_version=&#8221;4.16&#8243; header_font=&#8221;|600|||||||&#8221; header_text_align=&#8221;left&#8221; header_text_color=&#8221;#003078&#8243; header_font_size=&#8221;28px&#8221; header_line_height=&#8221;1.5em&#8221; body_text_color=&#8221;#000000&#8243; body_line_height=&#8221;1.9em&#8221; background_color=&#8221;#ffffff&#8221; custom_margin=&#8221;|||&#8221; custom_padding=&#8221;||||false|false&#8221; animation_direction=&#8221;bottom&#8221; animation=&#8221;off&#8221; image_max_width=&#8221;64px&#8221; global_colors_info=&#8221;{}&#8221;][\/et_pb_blurb][et_pb_blurb title=&#8221;DR. MANFRED LANG&#8221; image=&#8221;https:\/\/www.ifzi.de\/wp-content\/uploads\/2021\/02\/Dr.-Manfred-Lang_IFZI-Gruender.jpg&#8221; image_icon_width=&#8221;40%&#8221; icon_alignment=&#8221;left&#8221; content_max_width=&#8221;1100px&#8221; _builder_version=&#8221;4.27.4&#8243; header_font=&#8221;|on|||&#8221; header_text_color=&#8221;#ad770b&#8221; header_line_height=&#8221;1.5em&#8221; body_text_color=&#8221;#000000&#8243; body_line_height=&#8221;1.9em&#8221; background_color=&#8221;#ffffff&#8221; custom_margin=&#8221;|||&#8221; custom_padding=&#8221;||||false|false&#8221; animation_direction=&#8221;bottom&#8221; animation=&#8221;off&#8221; image_max_width=&#8221;40%&#8221; locked=&#8221;off&#8221; global_colors_info=&#8221;{}&#8221;]<\/p>\n<p><strong>Founder of IFZI in 1995<\/strong><\/p>\n<ul>\n<li>Working in implantology since 1972<\/li>\n<li>Diplomat status from the International Congress of Oral Implantologists (ICOI)<\/li>\n<li>Speaker in Germany and abroad<\/li>\n<li>Author of articles in specialist implantology journals Former President of the deutschen Gesellschaft f\u00fcr<br \/>zahn\u00e4rztliche Implantologie (DGZ, German Dental Implantology Society) until October 2000<\/li>\n<li>Former Clinical Associate Professor, Department of Implant Dentistry, New York University<\/li>\n<li>Inventor of the SKY Implant System and Phantom training concept<\/li>\n<\/ul>\n<p>[\/et_pb_blurb][\/et_pb_column][et_pb_column type=&#8221;1_2&#8243; _builder_version=&#8221;4.16&#8243; custom_padding=&#8221;|||&#8221; global_colors_info=&#8221;{}&#8221; custom_padding__hover=&#8221;|||&#8221;][\/et_pb_column][\/et_pb_row][\/et_pb_section]<\/p>\n","protected":false},"excerpt":{"rendered":"<p>IFZI National and International Chief Supervisor 1989 &#8211; 94 Studium der Zahnheilkunde an der Medizinischen Hochschule Hannover 1995 Staatsexamen Zahnheilkunde 1999 Promotion im Fach Zahnheilkunde an der Albert-Ludwigs-Universit\u00e4t, Freiburg (3-D-CT Untersuchung am Schweinekiefer) 1995 &#8211; 98 Assistenzt\u00e4tigkeit als Zahnarzt in freier Praxis Seit 1998 T\u00e4tigkeit als niedergelassener Zahnarzt mit oralchirurgisch-rekonstruktivem Schwerpunkt in Celle 2003 &#8211; [&hellip;]<\/p>\n","protected":false},"author":4,"featured_media":1152,"parent":0,"menu_order":0,"comment_status":"closed","ping_status":"closed","template":"","meta":{"_et_pb_use_builder":"on","_et_pb_old_content":"","_et_gb_content_width":"","footnotes":""},"class_list":["post-1258","page","type-page","status-publish","has-post-thumbnail","hentry"],"_links":{"self":[{"href":"https:\/\/www.ifzi.de\/en\/wp-json\/wp\/v2\/pages\/1258","targetHints":{"allow":["GET"]}}],"collection":[{"href":"https:\/\/www.ifzi.de\/en\/wp-json\/wp\/v2\/pages"}],"about":[{"href":"https:\/\/www.ifzi.de\/en\/wp-json\/wp\/v2\/types\/page"}],"author":[{"embeddable":true,"href":"https:\/\/www.ifzi.de\/en\/wp-json\/wp\/v2\/users\/4"}],"replies":[{"embeddable":true,"href":"https:\/\/www.ifzi.de\/en\/wp-json\/wp\/v2\/comments?post=1258"}],"version-history":[{"count":15,"href":"https:\/\/www.ifzi.de\/en\/wp-json\/wp\/v2\/pages\/1258\/revisions"}],"predecessor-version":[{"id":6690,"href":"https:\/\/www.ifzi.de\/en\/wp-json\/wp\/v2\/pages\/1258\/revisions\/6690"}],"wp:featuredmedia":[{"embeddable":true,"href":"https:\/\/www.ifzi.de\/en\/wp-json\/wp\/v2\/media\/1152"}],"wp:attachment":[{"href":"https:\/\/www.ifzi.de\/en\/wp-json\/wp\/v2\/media?parent=1258"}],"curies":[{"name":"wp","href":"https:\/\/api.w.org\/{rel}","templated":true}]}}

<p>[et_pb_section fb_built=&#8221;1&#8243; _builder_version=&#8221;4.16&#8243; background_image=&#8221;https://www.ifzi.de/wp-content/uploads/2018/09/IFZI-Jetzt-und-in-Zukunft.jpg&#8221; custom_padding=&#8221;200px||220px||false|false&#8221; global_colors_info=&#8221;{}&#8221;][/et_pb_section][et_pb_section fb_built=&#8221;1&#8243; _builder_version=&#8221;4.16&#8243; custom_padding=&#8221;100px||50px||false|false&#8221; global_colors_info=&#8221;{}&#8221;][et_pb_row column_structure=&#8221;1_2,1_2&#8243; _builder_version=&#8221;4.16&#8243; background_size=&#8221;initial&#8221; background_position=&#8221;top_left&#8221; background_repeat=&#8221;repeat&#8221; custom_padding=&#8221;0px||0px||false|false&#8221; global_colors_info=&#8221;{}&#8221;][et_pb_column type=&#8221;1_2&#8243; _builder_version=&#8221;4.16&#8243; custom_padding=&#8221;|||&#8221; global_colors_info=&#8221;{}&#8221; custom_padding__hover=&#8221;|||&#8221;][et_pb_blurb title=&#8221;TEAM IFZI NUREMBERG&#8221; image_icon_width=&#8221;64px&#8221; content_max_width=&#8221;1100px&#8221; _builder_version=&#8221;4.16&#8243; header_font=&#8221;|600|||||||&#8221; header_text_align=&#8221;left&#8221; header_text_color=&#8221;#003078&#8243; header_font_size=&#8221;28px&#8221; header_line_height=&#8221;1.5em&#8221; body_text_color=&#8221;#000000&#8243; body_line_height=&#8221;1.9em&#8221; background_color=&#8221;#ffffff&#8221; custom_margin=&#8221;|||&#8221; custom_padding=&#8221;||||false|false&#8221; animation_direction=&#8221;bottom&#8221; animation=&#8221;off&#8221; image_max_width=&#8221;64px&#8221; global_colors_info=&#8221;{}&#8221;][/et_pb_blurb][et_pb_blurb title=&#8221;DR. MED. DENT. TIM ÜBERMUTH M.SC. M.SC.&#8221; image=&#8221;https://www.ifzi.de/wp-content/uploads/2025/01/uebermuth.jpg&#8221; image_icon_width=&#8221;40%&#8221; icon_alignment=&#8221;left&#8221; content_max_width=&#8221;1100px&#8221; _builder_version=&#8221;4.27.4&#8243; header_font=&#8221;|on|||&#8221; header_text_color=&#8221;#ad770b&#8221; header_line_height=&#8221;1.5em&#8221; body_text_color=&#8221;#000000&#8243; body_line_height=&#8221;1.9em&#8221; background_color=&#8221;#ffffff&#8221; custom_margin=&#8221;|||&#8221; custom_padding=&#8221;||||false|false&#8221; animation_direction=&#8221;bottom&#8221; animation=&#8221;off&#8221; image_max_width=&#8221;40%&#8221; locked=&#8221;off&#8221; global_colors_info=&#8221;{}&#8221;]</p>
<p><strong>IFZI National and International Chief Supervisor</strong></p>
<ul>
<li>1989 &#8211; 94 Studium der Zahnheilkunde an der Medizinischen Hochschule Hannover</li>
<li>1995 Staatsexamen Zahnheilkunde</li>
<li>1999 Promotion im Fach Zahnheilkunde an der Albert-Ludwigs-Universität, Freiburg (3-D-CT Untersuchung am Schweinekiefer)</li>
<li>1995 &#8211; 98 Assistenztätigkeit als Zahnarzt in freier Praxis</li>
<li>Seit 1998 Tätigkeit als niedergelassener Zahnarzt mit oralchirurgisch-rekonstruktivem Schwerpunkt in Celle</li>
<li>2003 &#8211; 04 DGI-Curriculum Implantologie</li>
<li>2004 Erlangung des Tätigkeitsschwerpunktes Implantologie</li>
<li>2005 Gründungsmitglied einer Studiengruppe Implantologie in Schleswig-Holstein</li>
<li>seit 2005 nat./internat. Referententätigkeit für Implantologie, Mukogingival-Chirurgie und Prothetik</li>
<li>2010 &#8211; 11 Postgradualer Studiengang „Master of Science in Oral Implantology“</li>
<li>2011 Erteilung des Patentes DE 10 2008 058 305 B4 für ein neuartiges implantat-prothetisches Konzept (RevoCone®&#xfe0f;) durch das Deutsche Patentamt.</li>
<li>2014 Leitung „DGI-Qualitätszirkel Celle“</li>
<li>2016 – 17  Postgradualer Studiengang „ Master of Science in Oraler Implantologie und Parodontologie“</li>
<li>2019 Gemeinschaftspraxis mit Dr. Johannes Szentmiklossy v. Primocz</li>
<li>2020 Dozent und akad. Lehrpraxis der University for Digital Technologies in Medicine and Dentistry (DTMD), Luxembourg</li>
<li>2021 Dozent und Trainer im int. Fortbildungszentrum für zahnärztliche Implantologie (IFZI)</li>
<li>2021 Auszeichnung mit dem „German Innovation Award 2021“ im Bereich: Medical &amp; Health für das RevoCone®-Abutmentsystem</li>
<li>2023 Erteilung des Europ. Patentes EP 39378354 für ein neuartiges Abformabutment durch das Europäische Patentamt.</li>
</ul>
<p>[/et_pb_blurb][/et_pb_column][et_pb_column type=&#8221;1_2&#8243; _builder_version=&#8221;4.16&#8243; custom_padding=&#8221;|||&#8221; global_colors_info=&#8221;{}&#8221; custom_padding__hover=&#8221;|||&#8221;][et_pb_blurb title=&#8221;TEAM IFZI NUREMBERG&#8221; image_icon_width=&#8221;64px&#8221; content_max_width=&#8221;1100px&#8221; _builder_version=&#8221;4.16&#8243; header_font=&#8221;|on|||&#8221; header_text_align=&#8221;left&#8221; header_text_color=&#8221;#ffffff&#8221; header_font_size=&#8221;24&#8243; header_line_height=&#8221;1.5em&#8221; body_text_color=&#8221;#000000&#8243; body_line_height=&#8221;1.9em&#8221; background_color=&#8221;#ffffff&#8221; custom_margin=&#8221;|||&#8221; custom_padding=&#8221;||||false|false&#8221; animation_direction=&#8221;bottom&#8221; animation=&#8221;off&#8221; image_max_width=&#8221;64px&#8221; global_colors_info=&#8221;{}&#8221;][/et_pb_blurb][et_pb_blurb title=&#8221;ANNE MONNIER&#8221; image=&#8221;https://www.ifzi.de/wp-content/uploads/2021/02/Anne-Monnier-IFZI-Geschaeftsleitung.png&#8221; image_icon_width=&#8221;40%&#8221; icon_alignment=&#8221;left&#8221; content_max_width=&#8221;1100px&#8221; _builder_version=&#8221;4.27.4&#8243; header_font=&#8221;|on|||&#8221; header_text_color=&#8221;#ad770b&#8221; header_line_height=&#8221;1.5em&#8221; body_text_color=&#8221;#000000&#8243; body_line_height=&#8221;1.9em&#8221; background_color=&#8221;#ffffff&#8221; custom_margin=&#8221;|||&#8221; custom_padding=&#8221;||||false|false&#8221; animation_direction=&#8221;bottom&#8221; animation=&#8221;off&#8221; hover_enabled=&#8221;0&#8243; image_max_width=&#8221;40%&#8221; locked=&#8221;off&#8221; global_colors_info=&#8221;{}&#8221; sticky_enabled=&#8221;0&#8243;]</p>
<p><strong>IFZI Commercial Manager</strong><br /><strong>since 1995</strong></p>
<ul>
<li>Information and registrations</li>
<li>Participation and payment conditions</li>
<li>Personal advice and support before, during and after the course modules</li>
<li>Support of IFZI nationally and international trainers</li>
</ul>
<p>T: +49 911 34746-24<br />F: +49 911 34746-23</p>
<p>E: <a href="mailto:anne.monnier-winterstein@ifzi.de">anne.monnier-winterstein@ifzi.de</a><br />W: <a href="https://www.ifzi.de/en/">www.ifzi.de</a></p>
<p>[/et_pb_blurb][/et_pb_column][/et_pb_row][/et_pb_section][et_pb_section fb_built=&#8221;1&#8243; _builder_version=&#8221;4.16&#8243; custom_padding=&#8221;50px||100px||false|false&#8221; global_colors_info=&#8221;{}&#8221;][et_pb_row column_structure=&#8221;1_2,1_2&#8243; _builder_version=&#8221;4.16&#8243; background_size=&#8221;initial&#8221; background_position=&#8221;top_left&#8221; background_repeat=&#8221;repeat&#8221; custom_padding=&#8221;0px||0px||false|false&#8221; global_colors_info=&#8221;{}&#8221;][et_pb_column type=&#8221;1_2&#8243; _builder_version=&#8221;4.16&#8243; custom_padding=&#8221;|||&#8221; global_colors_info=&#8221;{}&#8221; custom_padding__hover=&#8221;|||&#8221;][et_pb_blurb title=&#8221;FOUNDER IFZI NUREMBERG&#8221; image_icon_width=&#8221;64px&#8221; content_max_width=&#8221;1100px&#8221; _builder_version=&#8221;4.16&#8243; header_font=&#8221;|600|||||||&#8221; header_text_align=&#8221;left&#8221; header_text_color=&#8221;#003078&#8243; header_font_size=&#8221;28px&#8221; header_line_height=&#8221;1.5em&#8221; body_text_color=&#8221;#000000&#8243; body_line_height=&#8221;1.9em&#8221; background_color=&#8221;#ffffff&#8221; custom_margin=&#8221;|||&#8221; custom_padding=&#8221;||||false|false&#8221; animation_direction=&#8221;bottom&#8221; animation=&#8221;off&#8221; image_max_width=&#8221;64px&#8221; global_colors_info=&#8221;{}&#8221;][/et_pb_blurb][et_pb_blurb title=&#8221;DR. MANFRED LANG&#8221; image=&#8221;https://www.ifzi.de/wp-content/uploads/2021/02/Dr.-Manfred-Lang_IFZI-Gruender.jpg&#8221; image_icon_width=&#8221;40%&#8221; icon_alignment=&#8221;left&#8221; content_max_width=&#8221;1100px&#8221; _builder_version=&#8221;4.27.4&#8243; header_font=&#8221;|on|||&#8221; header_text_color=&#8221;#ad770b&#8221; header_line_height=&#8221;1.5em&#8221; body_text_color=&#8221;#000000&#8243; body_line_height=&#8221;1.9em&#8221; background_color=&#8221;#ffffff&#8221; custom_margin=&#8221;|||&#8221; custom_padding=&#8221;||||false|false&#8221; animation_direction=&#8221;bottom&#8221; animation=&#8221;off&#8221; image_max_width=&#8221;40%&#8221; locked=&#8221;off&#8221; global_colors_info=&#8221;{}&#8221;]</p>
<p><strong>Founder of IFZI in 1995</strong></p>
<ul>
<li>Working in implantology since 1972</li>
<li>Diplomat status from the International Congress of Oral Implantologists (ICOI)</li>
<li>Speaker in Germany and abroad</li>
<li>Author of articles in specialist implantology journals Former President of the deutschen Gesellschaft für<br />zahnärztliche Implantologie (DGZ, German Dental Implantology Society) until October 2000</li>
<li>Former Clinical Associate Professor, Department of Implant Dentistry, New York University</li>
<li>Inventor of the SKY Implant System and Phantom training concept</li>
</ul>
<p>[/et_pb_blurb][/et_pb_column][et_pb_column type=&#8221;1_2&#8243; _builder_version=&#8221;4.16&#8243; custom_padding=&#8221;|||&#8221; global_colors_info=&#8221;{}&#8221; custom_padding__hover=&#8221;|||&#8221;][/et_pb_column][/et_pb_row][/et_pb_section]</p>

<p>IFZI National and International Chief Supervisor 1989 &#8211; 94 Studium der Zahnheilkunde an der Medizinischen Hochschule Hannover 1995 Staatsexamen Zahnheilkunde 1999 Promotion im Fach Zahnheilkunde an der Albert-Ludwigs-Universität, Freiburg (3-D-CT Untersuchung am Schweinekiefer) 1995 &#8211; 98 Assistenztätigkeit als Zahnarzt in freier Praxis Seit 1998 Tätigkeit als niedergelassener Zahnarzt mit oralchirurgisch-rekonstruktivem Schwerpunkt in Celle 2003 &#8211; [&hellip;]</p>
